t(a) = 9964*a - 119664. Determine t(12).
-96
Let u(d) = 45961*d + 5. Determine u(0).
5
Let o(v) = -378*v + 853. Calculate o(4).
-659
Let a(f) = -f**3 + 22*f**2 + 25*f + 585. Determine a(24).
33
Let q(s) = s**3 + 2*s**2 - 14644*s - 468. Give q(-122).
20
Let a(g) = 3*g**2 + 508*g - 13738. What is a(26)?
1498
Let n(x) = -96*x + 37425. Determine n(392).
-207
Let s(p) = 1083*p**2 + 6498*p - 17. Calculate s(-6).
-17
Let j(x) = 599*x**2 - 20345*x - 662. Calculate j(34).
52
Let r(s) = 185*s + 73338. Determine r(-396).
78
Let b(u) = -20*u + 1741. What is b(-49)?
2721
Let a(x) = 118*x - 5360. Calculate a(45).
-50
Let v(r) = -r**3 + 15790*r**2 - 315404*r + 88. What is v(20)?
8
Let w(j) = 1994*j + 8771. Calculate w(-5).
-1199
Let n(j) = 2899*j - 217274. Give n(75).
151
Let o(a) = 15255*a + 579708. Calculate o(-38).
18
Let w(r) = -3*r**3 - 12*r**2 + 24*r + 229. Calculate w(-9).
1228
Let b(z) = z**3 - 101*z**2 - 145*z + 4303. Give b(102).
-83
Let t(k) = -12591*k + 37791. Calculate t(3).
18
Let f(t) = -12000814*t - 48003264. Calculate f(-4).
-8
Let f(l) = 43573*l - 261489. Calculate f(6).
-51
Let h(p) = -16*p**3 + 37*p**2 - 323*p + 487. Determine h(2).
-139
Let m(q) = q**3 + 13*q**2 + 96*q - 160. Calculate m(-11).
-974
Let v(r) = 161*r**2 + 1187*r - 13. Give v(-8).
795
Let x(j) = 15428*j + 308522. Determine x(-20).
-38
Let x(y) = 6806*y + 347121. Determine x(-51).
15
Let i(n) = -n**2 + 2522*n + 68846. What is i(-27)?
23
Let x(d) = -d**2 + 45796*d - 5162167. Calculate x(113).
12
Let s(r) = -200559*r - 5214533. Determine s(-26).
1
Let h(d) = -603*d - 7363. Determine h(-10).
-1333
Let u(s) = s**3 - 9*s**2 + 3444*s - 10321. Give u(3).
-43
Let x(q) = -8*q**2 - 197*q - 606. What is x(-21)?
3
Let o(f) = 1855*f + 7140. What is o(-5)?
-2135
Let v(i) = 5205*i + 15553. What is v(-3)?
-62
Let n(b) = 5*b**2 - 481*b + 8010. What is n(22)?
-152
Let y(s) = -27840*s + 222696. Calculate y(8).
-24
Let p(h) = h**2 + 59*h + 7511. Determine p(0).
7511
Let s(j) = -659*j + 14576. What is s(22)?
78
Let i(t) = -t**2 + 13*t + 63. What is i(24)?
-201
Let b(t) = -2*t**2 - 35587*t + 605195. What is b(17)?
-362
Let d(k) = 34*k**2 - 2308*k + 2075. What is d(67)?
65
Let z(m) = -2*m**3 + 56*m**2 - 137*m - 1574. Give z(-4).
-2
Let i(h) = -11479*h - 68881. Give i(-6).
-7
Let m(t) = -44413*t + 264993. What is m(6)?
-1485
Let a(g) = -1261*g**2 - 21436*g - 47. Determine a(-17).
-64
Let r(b) = -47*b**2 + 20*b + 102. Give r(4).
-570
Let i(u) = 110*u**2 + 5535*u - 3827. Give i(-51).
-2
Let t(a) = -11*a**2 + 2238*a + 20471. Calculate t(-9).
-562
Let n(q) = -2*q**3 + 483*q**2 - 1198*q + 320. Determine n(239).
-397
Let q(t) = 282301*t + 26253994. Determine q(-93).
1
Let m(y) = 9*y**3 - 2423*y**2 + 544*y - 1604. Give m(269).
10
Let n(o) = -13*o**3 + 52*o**2 + 219*o - 874. Give n(4).
2
Let o(a) = 225*a + 301. Calculate o(-4).
-599
Let n(i) = 2*i**3 - 47*i**2 - 60*i - 214. Give n(25).
161
Let i(j) = -j**3 - 101*j**2 - 22*j + 335. Calculate i(-101).
2557
Let w(r) = 121*r - 2693. Give w(30).
937
Let y(p) = 3*p**3 + 138*p**2 + 851*p - 77. Determine y(-6).
-863
Let r(b) = -b**3 - 19*b**2 - 75868*b - 1441487. Determine r(-19).
5
Let v(n) = -44*n**2 - 2533*n - 402. Determine v(-57).
1023
Let t(m) = -233*m**3 + m**2 - 183*m + 182. Determine t(1).
-233
Let b(s) = 8051*s + 24449. What is b(-3)?
296
Let l(m) = 73*m**2 + 73*m + 221. Determine l(5).
2411
Let o(z) = 3*z**3 - 2*z**2 - 80*z + 108. Give o(-6).
-132
Let c(s) = -302*s + 335. Determine c(2).
-269
Let u(j) = -7*j**2 - 297*j + 6357. Calculate u(21).
-2967
Let c(p) = p**3 + 8*p**2 + 186*p + 14. Give c(0).
14
Let u(s) = -s**2 + 4313*s + 17228. Determine u(-4).
-40
Let p(q) = 2699*q**2 + 24350*q + 501. Determine p(-9).
-30
Let l(a) = 6*a**2 + 22*a - 3912. Give l(24).
72
Let o(n) = 2*n**3 + 3*n**2 + 126*n + 262. Determine o(-2).
6
Let b(o) = -284*o - 39742. What is b(-140)?
18
Let t(q) = -2*q**2 + 1312*q + 58428. Calculate t(-42).
-204
Let t(q) = -7*q**2 - 2065*q - 12123. Calculate t(-6).
15
Let y(i) = -3*i**3 - 110*i**2 - 59*i + 532. Calculate y(-36).
64
Let g(m) = -m**2 + 138*m - 2441. Determine g(121).
-384
Let n(l) = -74651*l + 672007. What is n(9)?
148
Let w(r) = -3834*r - 322052. Determine w(-84).
4
Let c(b) = -3*b**3 + 27*b**2 - 64*b + 588. Calculate c(9).
12
Let p(t) = -26248*t - 17822383. Calculate p(-679).
9
Let n(t) = 23*t**2 - 26*t - 505. What is n(-9)?
1592
Let j(g) = -g**2 + 11847*g - 130198. What is j(11)?
-2
Let q(f) = -f**3 - 4*f**2 - 6747*f - 33717. What is q(-5)?
43
Let s(d) = -836*d + 76423. Determine s(91).
347
Let a(k) = 231*k - 8243. Calculate a(35).
-158
Let j(q) = -120*q**2 + 30*q - 27. Calculate j(1).
-117
Let f(v) = -v**3 + 441*v**2 + 1318*v + 6206. What is f(444)?
-10
Let u(t) = -275*t - 4158. Give u(-15).
-33
Let f(k) = -186*k**2 - 4471*k - 208. Determine f(-24).
-40
Let w(g) = -5*g**3 - 117*g**2 + 42*g - 164. What is w(-24)?
556
Let b(n) = -2805*n - 375864. Determine b(-134).
6
Let c(t) = 4*t**2 + 256*t - 720. Calculate c(-66).
-192
Let k(r) = r**3 - 3*r**2 - 14*r - 1. Give k(-5).
-131
Let y(r) = 13944*r - 181252. Give y(13).
20
Let h(p) = -13708*p - 5387235. Give h(-393).
9
Let z(n) = n**2 - 261*n - 27767. Give z(-81).
-65
Let v(a) = -403*a - 79869. Determine v(-200).
731
Let y(c) = 2*c**3 - 108*c**2 + 1105*c + 7385. Determine y(23).
2
Let n(b) = -b**3 - 5*b**2 + 1102*b + 5518. What is n(-5)?
8
Let a(z) = -4*z**2 + 223*z + 17473. Give a(-44).
-83
Let g(x) = 3*x**3 + 70*x**2 + 319*x - 7. Give g(-17).
61
Let q(c) = 7716*c + 15458. Give q(-2).
26
Let h(f) = 42*f**3 - 394*f**2 + 145*f - 26. Calculate h(9).
-17
Let u(o) = 2*o**3 + 46*o**2 + 25*o + 112. What is u(-24)?
-1640
Let f(s) = s**2 + 856*s + 26372. What is f(-824)?
4
Let y(m) = 11198*m + 235024. Calculate y(-21).
-134
Let b(c) = 17*c**2 - 508*c + 2677. Give b(23).
-14
Let a(t) = -1800*t + 262779. Determine a(146).
-21
Let d(q) = 2952*q - 17335. Give d(6).
377
Let n(u) = -224*u - 156. Determine n(5).
-1276
Let j(u) = 2*u**3 - 20*u**2 + 1174*u - 10406. What is j(9)?
-2
Let b(x) = 13696*x + 575144. Give b(-42).
-88
Let w(u) = -66*u**2 - 679*u - 184. Calculate w(-10).
6
Let p(f) = 4*f**3 - 51*f**2 - 234*f + 2331. Calculate p(14).
35
Let c(g) = 134923*g + 70969500. What is c(-526)?
2
Let t(j) = -54*j**2 + 442*j - 1. Determine t(9).
-397
Let g(j) = -j**2 - 469*j - 45479. What is g(-137)?
5
Let c(v) = 7*v**3 + 10*v**2 + 38*v + 41. What is c(-1)?
6
Let b(z) = 2*z**2 + 7029*z - 91678. Determine b(13).
37
Let k(z) = z**3 - 19748*z**2 + 276336*z - 836. Calculate k(14).
4
Let l(p) = 2*p**3 + 275*p**2 + 692*p + 41. Calculate l(-135).
-2254
Let z(y) = -3128*y - 71959. Calculate z(-23).
-15
Let f(w) = 34*w + 1064. Calculate f(5).
1234
Let i(f) = -11880*f - 166311. Calculate i(-14).
9
Let b(u) = -u**3 + 87*u**2 - 357*u + 228. Give b(82).
4574
Let w(p) = 8*p**2 + 574*p + 549. Give w(-67).
-1997
Let s(b) = 2*b**2 + 6918*b + 151230. Give s(-22).
2
Let w(k) = 2*k**3 - 13*k**2 - 465*k + 3953. Calculate w(10).
3
Let r(g) = -1070*g - 7440. What is r(-7)?
50
Let q(o) = -272*o**2 - 2344*o + 37. Determine q(-9).
-899
Let d(p) = -9088*p + 27246. Give d(3).
-18
Let a(g) = 2935*g - 96497. What is a(33)?
358
Let m(i) = -22*i**2 + 581*i - 1182. Calculate m(29).
-2835
Let q(p) = 28*p**2 + 1936*p - 14585. Give q(-76).
7
Let a(m) = 81*m**2 - 7492*m + 21752. Calculate a(3).
5
Let y(h) = 44*h**2 + 1414*h - 417. Determine y(-33).
837
Let g(j) = -j**2 - 7036*j + 418609. What is g(59)?
4
Let v(u) = 281*u - 6800. Calculate v(20).
-1180
Let n(t) = -t**2 - 72948*t - 2114631. Give n(-29).
20
Let y(k) = 41*k + 1509. What is y(-49)?
-500
Let g(t) = -t**3 - 336*t**2 - 947*t + 17350. Calculate g(-333).
34
Let j(o) = -o**2 - 20042*o - 1059417. What is j(-53)?
0
Let q(j) = 2*j**3 + 522*j**2 + 2054*j - 461. Give q(-257).
53
Let s(x) = 281*x**2 - 101*x + 10. Calculate s(1).
190
Let r(k) = 3*k**3 + 66*k**2 - 84*k - 2371. What is r(-23)?
-2026
Let u(l) = 18*l**3 - 507*l**2 - l + 11. What is u(0)?
11
Let d(g) = -36*g**2 + 733*g + 1479. Calculate d(-2).
-131
Let c(i) = -4453*i + 44661. What is c(10)?
131
Let w(s) = s**3 - 124*s**2 - 205*s + 103. Give w(-2).
9
Let c(w) = 3496*w + 9568. Calculate c(-3).
-920
Let q(n) = -2303*n + 13483. Calculate q(6).
-335
Let p(u) = 4*u**3 - u**2 + 64*u + 763. What is p(-10)?
-3977
Let r(d) = -28